lse
Is 5122 a multiple of 13?
True
Is 2 a factor of 182?
True
Is 120 a factor of 11040?
True
Is 1945 even?
False
Is 186 a factor of 7168?
False
Does 41 divide 164?
True
Does 32 divide 42720?
True
Is 2 a factor of 71?
False
Is 9 a factor of 17238?
False
Is 96 a factor of 1651?
False
Is 134 a factor of 2647?
False
Is 101 a factor of 20503?
True
Is 5536 a multiple of 173?
True
Is 11 a factor of 605?
True
Is 2684 a multiple of 244?
True
Is 225 a multiple of 45?
True
Is 7380 a multiple of 20?
True
Is 71010 a multiple of 9?
True
Is 108 a factor of 86292?
True
Does 114 divide 59688?
False
Is 3543 a multiple of 28?
False
Does 9 divide 648?
True
Is 1212 a multiple of 12?
True
Is 24 a factor of 10536?
True
Is 1089 a multiple of 33?
True
Is 21 a factor of 189?
True
Does 32 divide 6976?
True
Is 7027 a multiple of 122?
False
Is 43 a factor of 463?
False
Does 15 divide 389?
False
Does 23 divide 1990?
False
Does 17 divide 136?
True
Does 50 divide 999?
False
Does 9 divide 17295?
False
Is 195 a multiple of 15?
True
Does 146 divide 25021?
False
Is 42 a factor of 2562?
True
Does 375 divide 18750?
True
Does 33 divide 1069?
False
Is 67716 a multiple of 108?
True
Is 7 a factor of 970?
False
Does 62 divide 12152?
True
Is 3876 a multiple of 3?
True
Is 450 a multiple of 9?
True
Does 12 divide 6288?
True
Is 16058 a multiple of 14?
True
Is 30 a factor of 31440?
True
Does 7 divide 868?
True
Is 65 a factor of 133911?
False
Is 880 a multiple of 16?
True
Is 8 a factor of 547?
False
Does 89 divide 562?
False
Is 923 a multiple of 51?
False
Is 4 a factor of 151?
False
Is 12468 a multiple of 131?
False
Does 51 divide 13770?
True
Is 186 a multiple of 5?
False
Does 8 divide 1784?
True
Is 36 a factor of 3360?
False
Is 465 a multiple of 31?
True
Is 13297 a multiple of 7?
False
Is 140 a factor of 2940?
True
Does 5 divide 985?
True
Is 960 a multiple of 24?
True
Does 4 divide 132?
True
Does 246 divide 1875?
False
Is 203 a factor of 27608?
True
Does 34 divide 374?
True
Is 157 a factor of 38465?
True
Is 207 a multiple of 9?
True
Is 97431 a multiple of 8?
False
Is 68 a factor of 1000?
False
Does 9 divide 11396?
False
Is 78338 a multiple of 23?
True
Does 6 divide 366?
True
Is 365 a multiple of 16?
False
Is 34 a factor of 850?
True
Is 9 a factor of 517?
False
Does 64 divide 2497?
False
Is 6111 a multiple of 25?
False
Does 19 divide 80?
False
Does 65 divide 4745?
True
Does 5 divide 1414?
False
Does 11 divide 2095?
False
Does 8 divide 1440?
True
Is 4239 a multiple of 21?
False
Is 19 a factor of 30229?
True
Does 16 divide 26272?
True
Does 55 divide 2640?
True
Is 36 a factor of 1296?
True
Is 4962 a multiple of 6?
True
Is 7866 a multiple of 24?
False
Does 20 divide 9420?
True
Is 84 a factor of 5320?
False
Is 8 a factor of 264?
True
Is 564 a multiple of 7?
False
Is 42 a factor of 11743?
False
Is 11 a factor of 6402?
True
Is 64 a factor of 768?
True
Is 111 a multiple of 4?
False
Is 7 a factor of 3582?
False
Is 1070 a multiple of 31?
False
Is 55 a factor of 40150?
True
Does 21 divide 19383?
True
Is 26 a factor of 24830?
True
Is 113 a factor of 288?
False
Is 5979 a multiple of 95?
False
Is 10693 a multiple of 9?
False
Is 5 a factor of 14085?
True
Is 9 a factor of 1179?
True
Is 134 a factor of 3398?
False
Is 48 a factor of 34176?
True
Does 21 divide 34843?
False
Does 107 divide 856?
True
Is 8 a factor of 560?
True
Is 2894 even?
True
Is 52 a factor of 5512?
True
Is 2 a factor of 131?
False
Is 46 a factor of 8460?
False
Does 5 divide 349?
False
Is 2 a factor of 102?
True
Does 8 divide 744?
True
Is 732 a multiple of 3?
True
Is 34155 a multiple of 13?
False
Is 4 a factor of 820?
True
Does 8 divide 25352?
True
Does 32 divide 16128?
True
Does 19 divide 669?
False
Is 9 a factor of 2349?
True
Does 89 divide 5607?
True
Does 29 divide 2268?
False
Is 6 a factor of 16271?
False
Is 228 a factor of 24624?
True
Is 33 a factor of 176?
False
Is 6891 a multiple of 16?
False
Is 288 a multiple of 18?
True
Is 4528 a multiple of 16?
True
Is 114066 a multiple of 109?
False
Is 8820 a multiple of 7?
True
Is 10 a factor of 4583?
False
Does 43 divide 1591?
True
Is 10 a factor of 1630?
True
Is 34 a factor of 68?
True
Does 62 divide 2108?
True
Is 22 a factor of 5434?
True
Is 174 a factor of 100920?
True
Is 61292 a multiple of 8?
False
Is 35 a factor of 17990?
True
Is 27339 a multiple of 39?
True
Is 84 a multiple of 7?
True
Is 20165 a multiple of 109?
True
Does 137 divide 2965?
False
Does 61 divide 2461?
False
Does 7 divide 1228?
False
Is 544 even?
True
Is 54 a factor of 4752?
True
Is 60 a factor of 6540?
True
Does 9 divide 9?
True
Does 26 divide 138268?
True
Is 1320 a multiple of 40?
True
Does 46 divide 7452?
True
Does 47 divide 2115?
True
Is 116 a factor of 1740?
True
Does 25 divide 275?
True
Is 69 a factor of 82110?
True
Is 6 a factor of 255?
False
Does 51 divide 1965?
False
Is 48 a factor of 336?
True
Is 39 a factor of 131329?
False
Is 91 a factor of 10556?
True
Is 10540 a multiple of 155?
True
Is 27 a factor of 25434?
True
Is 71 a factor of 25347?
True
Is 3230 a multiple of 17?
True
Is 67 a factor of 201?
True
Is 10 a factor of 4030?
True
Does 7 divide 4046?
True
Is 960 a multiple of 30?
True
Is 1552 a multiple of 97?
True
Is 25203 a multiple of 273?
False
Is 15621 a multiple of 25?
False
Does 221 divide 24937?
False
Is 12336 a multiple of 16?
True
Is 537 a multiple of 22?
False
Is 30 a factor of 1102?
False
Does 8 divide 309?
False
Is 516 a multiple of 12?
True
Is 49 a factor of 147?
True
Does 58 divide 6670?
True
Is 62 a factor of 3735?
False
Is 293 a multiple of 17?
False
Does 17 divide 1462?
True
Is 38 a factor of 1239?
False
Is 276 a multiple of 31?
False
Is 10 a factor of 539?
False
Is 1288 a multiple of 14?
True
Does 63 divide 1953?
True
Is 1496 a multiple of 17?
True
Does 15 divide 3390?
True
Does 10 divide 314?
False
Does 118 divide 26196?
True
Is 7 a factor of 892?
False
Is 3159 a multiple of 39?
True
Does 39 divide 828?
False
Is 568 a multiple of 5?
False
Does 41 divide 1476?
True
Is 44 a factor of 528?
True
Does 117 divide 819?
True
Is 1008 a multiple of 21?
True
Is 80 a factor of 880?
True
Is 34 a factor of 12655?
False
Is 174 a factor of 5916?
True
Is 269 a multiple of 14?
False
Is 871 a multiple of 4?
False
Is 4 a factor of 1444?
True
Is 80 a factor of 6640?
True
Does 196 divide 58535?
False
Is 11 a factor of 17827?
False
Is 96 a factor of 6491?
False
Does 9 divide 13102?
False
Does 44 divide 17847?
False
Is 39468 a multiple of 132?
True
Is 6191 a multiple of 43?
False
Is 24051 a multiple of 62?
False
Is 26358 a multiple of 12?
False
Is 21 a factor of 315?
True
Is 3780 a multiple of 90?
True
Is 82 a factor of 3122?
False
Is 12 a factor of 2302?
False
Does 18 divide 396?
True
Is 6 a factor of 60?
True
Is 12 a factor of 22224?
True
Does 58 divide 434?
False
Does 14 divide 5746?
False
Does 13 divide 38?
False
Is 12 a factor of 168?
True
Does 17 divide 24916?
False
Is 39 a factor of 273?
True
Does 12 divide 864?
True
Is 14 a factor of 1319?
False
Is 3580 a multiple of 26?
False
Does 25 divide 1908?
False
Is 34 a factor of 18652?
False
Is 12267 a multiple of 71?
False
Is 2563 a multiple of 11?
True
Does 21 divide 65?
False
Does 20 divide 492?
False
Is 418 a multiple of 6?
False
Is 40756 a multiple of 14?
False
Is 22 a factor of 25459?
False
Is 179 a factor of 36337?
True
Is 280 a multiple of 6?
False
Is 114 a factor of 570?
True
Is 432 even?
True
Does 69 divide 897?
True
Does 27 divide 81?
True
Does 104 divide 270?
False
Does 7 divide 25291?
True
Is 29140 a multiple of 62?
True
Is 411 a multiple of 137?
True
Is 18 a factor of 630?
True
Is 17 a factor of 10125?
False
Is 616 a multiple of 28?
True
Is 5 a factor of 5804?
False
Is 3 a factor of 627?
True
Does 28 divide 551?
False
Is 686 a multiple of 27?
False
Is 40 a factor of 3710?
False
Is 214 a multiple of 38?
False
Does 36 divide 936?
True
Is 8560 a multiple of 20?
True
Does 24 divide 590?
False
Is 856 a multiple of 74?
False
Does 13 divide 559?
True
Is 22 a factor of 351?
False
Is 15 a factor of 27815?
False
Is 2382 a multiple of 69?
False
Is 2052 a multiple of 27?
True
Is 10 a factor of 1200?
True
Does 35 divide 140?
True
Does 32 divide 1312?
True
Is 49560 a multiple of 105?
True
Does 13 divide 78?
True
Is 19 a factor of 551?
True
Is 180 a multiple of 20?
